{"id":687,"date":"2026-02-13T13:18:20","date_gmt":"2026-02-13T11:18:20","guid":{"rendered":"https:\/\/inlavanda.ro\/?post_type=product&#038;p=687"},"modified":"2026-02-13T13:18:24","modified_gmt":"2026-02-13T11:18:24","slug":"martisor-hidratant-balsam-pentru-buze","status":"publish","type":"product","link":"https:\/\/inlavanda.ro\/en\/product\/martisor-hidratant-balsam-pentru-buze\/","title":{"rendered":"M\u0103r\u021bi\u0219or hidratant &#8211; Balsam pentru buze"},"content":{"rendered":"<p>Alege s\u0103 oferi <a href=\"https:\/\/inlavanda.ro\/product\/balsam-pentru-buze\/\">Balsamul pentru buze<\/a> \u2013 luna Martie \u00ee\u021bi aduce buze catifelate \u0219i protejate cu balsamul nostru reparator 100% natural. Formulat din ingrediente de cea mai \u00eenalt\u0103 calitate, acest balsam hr\u0103ne\u0219te \u0219i repar\u0103 buzele uscate sau cr\u0103pate, l\u0103s\u00e2ndu-le moi \u0219i hidratate.<\/p>","protected":false},"excerpt":{"rendered":"<p>Alege s\u0103 oferi Balsamul pentru buze \u2013 luna Martie \u00ee\u021bi aduce buze catifelate \u0219i protejate cu balsamul nostru reparator 100% natural. Formulat din ingrediente de cea mai \u00eenalt\u0103 calitate, acest balsam hr\u0103ne\u0219te \u0219i repar\u0103 buzele uscate sau cr\u0103pate, l\u0103s\u00e2ndu-le moi \u0219i hidratate.<\/p>","protected":false},"featured_media":688,"comment_status":"closed","ping_status":"closed","template":"","meta":{"_kad_post_transparent":"default","_kad_post_title":"","_kad_post_layout":"default","_kad_post_sidebar_id":"","_kad_post_content_style":"default","_kad_post_vertical_padding":"default","_kad_post_feature":"","_kad_post_feature_position":"","_kad_post_header":false,"_kad_post_footer":false,"slim_seo":{"title":"M\u0103r\u021bi\u0219or hidratant - Balsam pentru buze - \u00cen LAVAND\u0102 cu Miky \u0219i Dan","description":"Alege s\u0103 oferi Balsamul pentru buze \u2013 luna Martie \u00ee\u021bi aduce buze catifelate \u0219i protejate cu balsamul nostru reparator 100% natural. Formulat din ingrediente de"}},"product_brand":[],"product_cat":[18],"product_tag":[],"class_list":{"0":"post-687","1":"product","2":"type-product","3":"status-publish","4":"has-post-thumbnail","6":"product_cat-uncategorized","8":"first","9":"instock","10":"shipping-taxable","11":"purchasable","12":"product-type-simple","13":"entry","14":"content-bg","15":"loop-entry"},"_links":{"self":[{"href":"https:\/\/inlavanda.ro\/en\/wp-json\/wp\/v2\/product\/687","targetHints":{"allow":["GET"]}}],"collection":[{"href":"https:\/\/inlavanda.ro\/en\/wp-json\/wp\/v2\/product"}],"about":[{"href":"https:\/\/inlavanda.ro\/en\/wp-json\/wp\/v2\/types\/product"}],"replies":[{"embeddable":true,"href":"https:\/\/inlavanda.ro\/en\/wp-json\/wp\/v2\/comments?post=687"}],"wp:featuredmedia":[{"embeddable":true,"href":"https:\/\/inlavanda.ro\/en\/wp-json\/wp\/v2\/media\/688"}],"wp:attachment":[{"href":"https:\/\/inlavanda.ro\/en\/wp-json\/wp\/v2\/media?parent=687"}],"wp:term":[{"taxonomy":"product_brand","embeddable":true,"href":"https:\/\/inlavanda.ro\/en\/wp-json\/wp\/v2\/product_brand?post=687"},{"taxonomy":"product_cat","embeddable":true,"href":"https:\/\/inlavanda.ro\/en\/wp-json\/wp\/v2\/product_cat?post=687"},{"taxonomy":"product_tag","embeddable":true,"href":"https:\/\/inlavanda.ro\/en\/wp-json\/wp\/v2\/product_tag?post=687"}],"curies":[{"name":"wp","href":"https:\/\/api.w.org\/{rel}","templated":true}]}}

Mărțișor hidratant &#8211; Balsam pentru buze

<p>Alege să oferi <a href="https://inlavanda.ro/product/balsam-pentru-buze/">Balsamul pentru buze</a> – luna Martie îți aduce buze catifelate și protejate cu balsamul nostru reparator 100% natural. Formulat din ingrediente de cea mai înaltă calitate, acest balsam hrănește și repară buzele uscate sau crăpate, lăsându-le moi și hidratate.</p>

<p>Alege să oferi Balsamul pentru buze – luna Martie îți aduce buze catifelate și protejate cu balsamul nostru reparator 100% natural. Formulat din ingrediente de cea mai înaltă calitate, acest balsam hrănește și repară buzele uscate sau crăpate, lăsându-le moi și hidratate.</p>

Mărțișor hidratant - Balsam pentru buze - În LAVANDĂ cu Miky și Dan

Alege să oferi Balsamul pentru buze – luna Martie îți aduce buze catifelate și protejate cu balsamul nostru reparator 100% natural. Formulat din ingrediente de
